)/((-3 - 5)/(-8)). Calculate the highest common factor of 408 and n.
51
Let o = -1525 - -1810. What is the greatest common divisor of 475 and o?
95
Let t(r) = 2*r + 1. Let b be t(4). Suppose k = -h - h + 6, 4*k + 3*h = b. Suppose 5*a = -k*a + 85. What is the highest common divisor of 85 and a?
17
Let y(v) = 130*v**2 - 16*v - 32. Let t be y(-2). Calculate the highest common divisor of 10 and t.
10
Suppose 160*t - 166*t = -168. Calculate the highest common factor of 12 and t.
4
Let m = -258 + 368. Suppose j + 3 = 0, 4*b + 2*j = 4*j + 150. Suppose 0 = -5*y + b + 74. What is the highest common divisor of y and m?
22
Suppose -u + 3*t = 1, 5*u + 4*t = 1 + 32. Calculate the greatest common factor of 405 and u.
5
Let v(l) = -3*l - 24. Let w be (1/3 - 1)*-3. Let q(n) = -n - 12. Let z(y) = w*v(y) - 5*q(y). Let j be z(-9). Calculate the greatest common divisor of j and 21.
21
Let i = 84 - 73. Suppose -3080 = 4*h - i*h. What is the greatest common divisor of 40 and h?
40
Suppose 33*v - 9231 = -2994. Calculate the greatest common divisor of 117 and v.
9
Suppose 0 = 2*r - 5*l - 52, r + 28 - 56 = 2*l. Calculate the greatest common factor of 270 and r.
18
Let f be (0/6)/(2/2). Let s(p) = 2*p**3 - p**2 + 24. Let y be s(f). Calculate the highest common factor of y and 48.
24
Let m = -778 + 861. Calculate the greatest common factor of 581 and m.
83
Let g(n) = 4*n - 42. Let a be (-4 - -1)/(1*3/(-12)). Let w be g(a). What is the greatest common factor of 42 and w?
6
Let m = 11 + 10. Let u(t) = -t**2 + 8*t + 3. Let x be u(6). Let g be ((-18)/x)/((-4)/10). What is the greatest common factor of g and m?
3
Let w = -30 - -42. Let b be (10/6)/(4/12). Suppose b*a = 173 + 7. What is the greatest common divisor of a and w?
12
Suppose g + 286 = 2*g + 4*u, 5*g + 4*u - 1510 = 0. Let i(o) = 206*o + 1. Let v be i(1). Let c = g - v. Calculate the greatest common divisor of c and 11.
11
Suppose 2*x - 229 = -43. Let b = x - 48. Let r be -4 - (2 - 0)*209/(-19). What is the greatest common divisor of b and r?
9
Let q = 2 - -8. Calculate the greatest common factor of q and 6.
2
Let n = 35 + -37. Let j be (-1)/(n - (-75)/40). Calculate the highest common divisor of j and 88.
8
Let m(d) = -d**2 + 12*d + 1. Let j be m(7). Suppose 2*p = 4*p - j. Let h = -23 + 35. Calculate the greatest common factor of h and p.
6
Let l(c) = -19*c - 1 + 2 + 15*c + 2. Let b be l(2). Let m = -1 - b. What is the greatest common factor of m and 16?
4
Let y = 22 + -29. Let r = -5 - y. Suppose 0 = l + r*l - 12. What is the highest common divisor of l and 36?
4
Suppose -5*t - 2*l = -546, 2*l = -0*l - 4. Calculate the greatest common factor of t and 80.
10
Suppose -2*f - 95 = -101. Let k be f/8 - 4459/(-56). Let q(o) = 17*o - 1. Let n be q(1). What is the greatest common divisor of k and n?
16
Let d = -7 + 4. Let n be -3 - (11 + d)/(-2). Let t = -1 - -2. What is the greatest common divisor of n and t?
1
Suppose 4*k - 821 = -5*o - 203, 2*k = 5*o - 636. What is the highest common factor of 294 and o?
42
Let t(v) = 16*v**3 - 4*v**2 + 3*v - 1. Let g be t(2). Let p be (1 + 30/(-4))/((-1217)/2434). What is the greatest common factor of g and p?
13
Let i = 704 + -668. What is the greatest common divisor of 90 and i?
18
Let b(t) = -8*t + 27. Let c be b(8). Let p = c + 65. Calculate the highest common divisor of p and 4.
4
Let x be (-3 - 14/6)*(-6)/4. Let u be (-7 - -90) + 1 + 1*4. Calculate the greatest common factor of u and x.
8
Let j be (-661)/4 - (-6)/(-8). Let z be j/(-14) - 3/(-21). Suppose -2*h = -3*m - h + 400, h = 5*m - 664. What is the highest common factor of m and z?
12
Suppose -2*q + 11 = -p, 2*p - 4*p = 4*q - 26. Let j = 776 + -774. What is the highest common factor of j and q?
2
Let h(d) = -d**3 - 3*d**2 + 20*d + 41. Let a be h(-6). What is the greatest common divisor of 232 and a?
29
Suppose -6*r = -604 - 1244. Suppose 4*j - 5*o = 8 + 5, -4*j + 2*o + 10 = 0. Let k be (-28)/((-4)/8*j). Calculate the greatest common divisor of r and k.
28
Let v(i) = 3*i**2 + 17*i - 6. Let w be v(-8). Suppose b + 3*n - 42 = 0, -w = -b - 2*n - 11. Calculate the greatest common factor of b and 99.
33
Suppose -2*f + 393 = 4*j - 99, 5*f = -2*j + 1270. Let c be 1/(2*4/f). Let s = 4 + 0. What is the greatest common factor of s and c?
4
Suppose p = 3*n + 20, -2*p + 20 = -p - n. Calculate the highest common divisor of p and 20.
20
Suppose -4*o - 3*d + 96 = 0, 5*o - 2*d - 118 - 2 = 0. Suppose a = -3*a - o. Let q be (-18)/4*88/a. Calculate the greatest common factor of q and 11.
11
Let r = -558 - -585. What is the greatest common factor of 126 and r?
9
Suppose -3*c + 2516 = -2*t, -4*c - 8*t + 7*t + 3362 = 0. What is the highest common factor of c and 240?
120
Let k = 188 - 145. What is the greatest common factor of k and 301?
43
Let d = -48 + 94. Calculate the greatest common factor of d and 161.
23
Let w(r) = -4*r - 75. Let q be w(-21). What is the highest common factor of q and 36?
9
Let r be (-1 - -1)*(-9)/18. Suppose q + 1 - 6 = r, 5*f + q = 830. Suppose -25 + f = 7*d. What is the highest common factor of d and 30?
10
Suppose 6*o = -176 + 428. Suppose y = z + 301, -y + 3*z + 249 = -46. Let p = y + -199. What is the highest common divisor of o and p?
21
Suppose 3*b - 4*q = 3180, b = 2*q + 2*q + 1068. Calculate the greatest common factor of 66 and b.
66
Let v(y) = 34*y + 3. Let q be v(3). Suppose -3*u + 8 = -4. Suppose -a + 75 = u*a. What is the highest common factor of q and a?
15
Let b = 39 + -54. Let n = b + 23. What is the highest common factor of 8 and n?
8
Suppose 3*i + 1 = n + 11, 0 = -5*i - 5*n - 10. Let h be (-60)/25*(-65)/i. Let r = 136 - h. What is the highest common divisor of 29 and r?
29
Let b(c) = -5 - 2 - 8 + 3*c. Let t be b(10). Calculate the highest common factor of t and 15.
15
Let z(l) = 5*l**3 - 2*l**2 - 5*l + 3. Let d be z(3). Suppose 2*g = -g + d. What is the greatest common factor of g and 35?
35
Let p be 2136/15 + 1 + 2/(-5). Suppose 23*s - 189 - 110 = 0. Calculate the highest common divisor of s and p.
13
Let a be (3/(-4))/(1/(-4)). Suppose 3*h + a - 15 = 0. Suppose 3*x + x = 0, -132 = -3*d + h*x. Calculate the highest common factor of 4 and d.
4
Let o be ((-2)/((-24)/69))/(37/2516). Calculate the highest common divisor of 34 and o.
17
Let f be (2 - 294/12)*-2. What is the greatest common divisor of f and 315?
45
Let z be (3/(-2))/(6/(-32)). Let h = -52 - -4. Let b be h/(-22) - (-6)/(-33). Calculate the highest common factor of b and z.
2
Let h be -2 + 2 + (29 - 3). Suppose 8 = -2*o + 2*g + h, 27 = 2*o - 5*g. Calculate the greatest common divisor of 66 and o.
6
Let r be (-2)/4*30/(-1). Let v be -2*(9 + 161/(-14)). Calculate the greatest common divisor of v and r.
5
Let c be 77/2 + 3/6. Let z be 12/(-4) - -1 - 7. Let v be 10/15 + (-228)/z. Calculate the highest common divisor of c and v.
13
Let s = 136 - 59. Let u be (s/28)/((-1)/(-72)). What is the highest common divisor of u and 18?
18
Let x = 17 - 15. Let m(u) = -6*u**3 + 2*u**2 - 3*u + 4. Let f be m(x). Let s be (f + -2)/(16/(-88)). What is the greatest common factor of s and 22?
22
Let f be (16/(-56))/(1/(14/(-2))). Let x(g) = 2*g**2 + 3*g + 3. Let c be x(-2). What is the highest common divisor of c and f?
1
Suppose 2*g - 2*o + 7*o - 20 = 0, -4*g = o - 40. Calculate the greatest common factor of g and 20.
10
Let p(y) = y + 2. Let r be p(4). Suppose 0 = -r*i - 47 + 227. Suppose -25 = -4*h - 4*j + 15, -5 = h + 4*j. Calculate the greatest common factor of i and h.
15
Suppose -140 = -4*b - 2*a + 6*a, b - 5*a = 31. What is the highest common divisor of b and 198?
18
Suppose 0*y - 1 = -y + 3*h, 13 = -4*y - 5*h. Let z(f) = -3*f**3 - 3*f**2 + f + 4. Let t be z(y). Calculate the highest common divisor of t and 112.
14
Let i be (-10)/3*(1001/(-55) + -1). What is the highest common divisor of 24 and i?
8
Let d be 5/(-1 + (-14)/(-12)). Suppose 4*a = 11 + 13. What is the highest common factor of a and d?
6
Suppose -13 + 83 = 7*w. Let z be (-112)/(-1) + -1 + -1. Calculate the highest common factor of z and w.
10
Suppose 90*g = 101*g - 6391. Calculate the highest common divisor of g and 14.
7
Let u = -639 + 629. Suppose 47 - 6 = -3*c + r, -58 = 4*c - 3*r. Let j = u - c. What is the highest common divisor of j and 24?
3
Suppose -u = -5*z + 63, -3*z + 21 = -5*u - 3